highest common factor of k and o.
16
Suppose -2*k + 8*q = 3*q - 11, 4*k - 3*q - 1 = 0. Let n be 26*(-1)/(1/k). What is the greatest common divisor of n and 13?
13
Let g be (-10)/(1/(-2) + 0). What is the greatest common factor of 50 and g?
10
Suppose -2*x = -3*x - 45. Let v = x + 85. What is the greatest common factor of 8 and v?
8
Let m = -17 - -65. What is the highest common factor of 8 and m?
8
Suppose 4*i - 9 - 67 = 0. Let y = i + 3. Let s be y/18 + 4/(-18). What is the greatest common factor of s and 7?
1
Suppose -3*q - 5 = 25. Let p(r) = -r - 1. Let k be p(q). What is the greatest common divisor of k and 1?
1
Let x = 5 - -4. Calculate the highest common factor of 3 and x.
3
Suppose 3*g - 2*g - 23 = 0. Let z = g - 5. Calculate the greatest common divisor of 144 and z.
18
Let r = 3 - 1. Let d(w) = -w**r - 3 + 9 + 2*w**2. Let a be d(-7). What is the greatest common factor of 5 and a?
5
Suppose -y + 11 = 2*j, 6*j = y + 2*j - 5. Calculate the highest common factor of y and 18.
9
Let a = -53 + 81. What is the greatest common factor of 84 and a?
28
Let s(g) = 15*g**3 - 2*g**2 + 2*g - 1. Let l be s(1). Suppose 5*b - 61 = -4*n, 39*n - 38*n = -2*b + 16. Calculate the greatest common divisor of n and l.
14
Suppose 0*d + d - 11 = 0. Calculate the greatest common divisor of 99 and d.
11
Suppose 15 = -4*x + 9*x. Suppose -50 = -4*a - 2*f, x - 8 = -2*a + 3*f. Calculate the greatest common divisor of a and 15.
5
Suppose t - 18 = 4*s, 0 = -3*t - 5*s + 1 + 2. Let x = t + -5. Suppose x = 4*d - 3. What is the greatest common divisor of 11 and d?
1
Let t = 22 - 24. Let h be 85/15 - t/(-3). Calculate the highest common factor of 55 and h.
5
Let b = 9 + 8. Let y(d) = d - 1. Let k be y(12). Let m be (-12)/66 + 189/k. Calculate the greatest common divisor of m and b.
17
Let n = 298 + -294. Let f = 4 + 2. Calculate the highest common factor of f and n.
2
Let d(y) = y**2 + 12*y - 17. Suppose 0 = 4*x - 3*s + 63, 2*s = -3*x - 43 - 0. Let f be d(x). What is the highest common factor of f and 14?
14
Let q be 9*(-4 - -5) + -1. What is the highest common factor of q and 8?
8
Let d be -2 + (-4)/(-8)*18. Calculate the highest common factor of d and 35.
7
Let d(b) = 2*b**2 - 8*b + 5. Let h be d(5). Calculate the greatest common divisor of 135 and h.
15
Suppose -2*h - h = 2*g - 1, 4*g - h = 9. Let v(z) = 12*z**2 - 5*z + 1 + 4*z**2 + g*z. Let n be v(-3). What is the highest common factor of n and 14?
14
Let d be 4/(-12) - 110/(-6). Let s be d*4/((-24)/(-9)). Suppose -26*h = -31*h + 45. What is the greatest common divisor of h and s?
9
Suppose -5*d + 117 + 29 = -4*h, 0 = d + 2*h - 32. Suppose -5*j = 4*z - 2*j - d, 16 = 2*z + 2*j. Calculate the greatest common divisor of 24 and z.
6
Suppose -q + 4 = -2*q. Let y be 2/q + 14/4. Suppose -2*b - 21 = -3*b. What is the greatest common divisor of y and b?
3
Suppose 12 + 8 = 5*h. Let k be (h/(-3))/((-10)/75). Let v = -6 - -8. Calculate the highest common divisor of k and v.
2
Suppose 0 = -p + 26 - 11. Suppose a - 125 = p. Let o be (6/4)/(7/a). What is the greatest common factor of 10 and o?
10
Let p(l) = 5*l - 3. Let z be 2/(-8) - 51/(-12). Let j be p(z). What is the highest common factor of 85 and j?
17
Let d = -305 + 435. What is the highest common divisor of d and 26?
26
Suppose 3*v + 2*v = j + 76, -3*v + 5*j + 50 = 0. What is the highest common divisor of 15 and v?
15
Let k = -6 + 2. Let i = k - -16. What is the greatest common divisor of 8 and i?
4
Let z(t) = -10*t + 7. Let d be z(-8). Calculate the greatest common divisor of 29 and d.
29
Let z be (-4)/(-18) - (-75)/27. Suppose -3*y = -9, 2*i = 7*i + 5*y + 435. Let h be i/(-12)*(z - 1). Calculate the greatest common divisor of h and 105.
15
Suppose 4*n + 8 = 4*q, 3*n - 12 = -3*q - 30. Let w = q + 34. Let y = -14 - -22. Calculate the greatest common factor of y and w.
8
Let p(g) = 3*g - 10. Suppose 3*x - 30 = -3*v, -3*x - 4*v = 2*x - 45. Let s be p(x). Calculate the highest common divisor of 5 and s.
5
Let c be (23 + -2)*2/3. Suppose 5*s - 1 = c. Calculate the highest common factor of 21 and s.
3
Let y(k) = 3*k + 3. Let f be y(5). Calculate the highest common divisor of 18 and f.
18
Let m be 4/18 - (-1068)/54. What is the greatest common divisor of m and 30?
10
Let c be (-1 - 2/(-6))*945/(-15). What is the greatest common factor of c and 84?
42
Let m = 7 + -3. What is the highest common factor of 20 and m?
4
Suppose -2*t = 21 + 11. Let n = -13 - t. What is the highest common factor of n and 3?
3
Let f be ((-2)/5)/((-5)/150). Let x be (-1)/4 + (-3537)/f. Let i = x - -460. What is the highest common divisor of i and 15?
15
Suppose -3 = 3*f - 5*w, -f = -2*f + 3*w - 5. Suppose 0*i - i = 3*u + 12, f*u = -i - 14. Let t be (4/(-6) - 0)*i. What is the greatest common factor of 44 and t?
4
Let o(w) = w**3 + 7*w**2 + 4*w - 10. Let x be o(-6). Calculate the greatest common factor of 14 and x.
2
Suppose 0 = -2*a + 17 + 23. Suppose 0 = 3*v + 92 - 182. What is the highest common factor of a and v?
10
Let w = -3 - -2. Suppose 5*q - q = -4*j + 40, 5*q - j = 68. Let h = w + q. Calculate the greatest common divisor of h and 96.
12
Suppose 2*k - 2*o = -k + 400, -2*o = 2*k - 280. What is the highest common divisor of 34 and k?
34
Suppose 7*q = 11*q - 5*w - 31, -4*q + 38 = 2*w. Let j(v) = 3*v**2 - 9*v + 9. Let o be j(6). What is the highest common divisor of q and o?
9
Let w(y) = 5*y + 3*y**2 + 2 - 2*y + 2*y. Let j be w(-4). Calculate the highest common factor of 45 and j.
15
Suppose 5*q + 5*v - 115 = 0, 4*q - 5*v - 52 = 13. Let f be ((-24)/q)/((-6)/220). What is the greatest common factor of 4 and f?
4
Let z = -27 - -29. Suppose 0 = -z*k + 64 + 6. Let m(b) = 6*b + 1. Let w be m(1). Calculate the highest common factor of w and k.
7
Suppose 0*d + 84 = 3*d. Let j(v) = -v**2 - 2 - 2*v + 6*v**3 + 2*v + 0*v**2. Let q be j(2). What is the highest common divisor of d and q?
14
Let z = 2637 - 1303. Let g be (-16)/40 + z/10. What is the greatest common divisor of g and 19?
19
Suppose -3*a + 5*k - 369 = 0, 714 = -4*a - 2*k + 196. Let n = 179 + a. Calculate the greatest common factor of n and 34.
17
Let q be 1/((-2 - -3)*1). Let m(x) = 37*x - 1. Let b be m(q). Suppose 5*l = -34 + 94. Calculate the highest common factor of b and l.
12
Let t = -1 - -9. Suppose 4*f + 0*f + t = 0, -3 = -b - 2*f. Let a = 1 + b. What is the highest common divisor of 32 and a?
8
Let a = -25 + 49. Suppose 3*i - 27 = 21. What is the greatest common factor of i and a?
8
Let k be 1 + 1 + (7 - -87). Calculate the highest common divisor of 32 and k.
32
Suppose 2*w = -2*b + 21 + 15, -w + 4 = 0. Suppose -3*a - b = 5*s, -3*a + 6 = 2*a + s. Let g be (-30)/8*a*-2. What is the highest common factor of g and 6?
3
Let q = 10 - 9. Calculate the highest common divisor of 1 and q.
1
Suppose -4 = 2*m - 0*m, -2*d + 5*m = -6. Let t be (-24)/9*3/d. Suppose -t*r + h = -21, -h - 1 + 0 = r. Calculate the greatest common factor of r and 12.
4
Suppose 5*b - 16 = 304. Calculate the greatest common factor of b and 16.
16
Let u(r) = 26*r**2 + 2*r + 2. Let i be u(-1). Calculate the highest common divisor of i and 13.
13
Suppose 0 = -4*p - 2*n + 10, -2*p - n + 13 = 2*p. Calculate the highest common divisor of p and 36.
4
Let l = -189 + 324. What is the greatest common divisor of l and 15?
15
Let d = 81 + -41. What is the highest common divisor of 8 and d?
8
Let r = 144 + -68. Calculate the greatest common divisor of 19 and r.
19
Let n be 458/14 + (-2)/(-7). What is the greatest common divisor of 22 and n?
11
Let p(m) = -m**3 + 4*m**2 - m - 2. Let h be p(-3). Calculate the highest common divisor of 8 and h.
8
Suppose -4*z - 5*y + 120 = 0, -7*z + 148 = -3*z - 2*y. What is the greatest common divisor of 7 and z?
7
Let a(j) = -12*j + 1. Let z be a(-1). Let p = z + 7. What is the highest common divisor of 10 and p?
10
Suppose 2*m - 28 = 5*j, 0*j = 2*j + 3*m - 4. Let l = 4 + j. Let z be 72 - ((-4)/(-2) - l). Calculate the highest common divisor of 14 and z.
14
Let d = -359 + 557. Suppose 0 = 2*r - r - 4*a - 56, 0 = -3*r + 2*a + 208. Suppose -3*h + r = h. What is the highest common factor of d and h?
18
Suppose 0 = -7*g + 86 + 138. Calculate the greatest common factor of g and 8.
8
Let s = -20 - -66. Let v = s - 19. Let d be (8 - 6) + (1 - -6). Calculate the greatest c